15) to base 10.
3173
Convert -1010110011 (base 2) to base 4.
-22303
-8014 (base 11) to base 3
-112121221
16a79 (base 12) to base 13
11b17
-53230 (base 9) to base 8
-104555
1149 (base 10) to base 12
7b9
Convert 2320 (base 15) to base 5.
214310
What is 42 (base 12) in base 10?
50
Convert -1245 (base 13) to base 12.
-1600
e572 (base 15) to base 10
48482
What is -2242 (base 5) in base 7?
-640
Convert -102 (base 3) to base 14.
-b
Convert -2410 (base 5) to base 4.
-11203
Convert -7979 (base 10) to base 11.
-5aa4
Convert -4687 (base 11) to base 15.
-1c4a
What is -babc (base 15) in base 2?
-1001101010000000
413330 (base 5) to base 14
4d4a
10255 (base 6) to base 15
638
What is -10111101111001 (base 2) in base 3?
-121200010
Convert 10000000 (base 2) to base 7.
242
Convert 44ab (base 14) to base 3.
121100011
Convert 13000 (base 4) to base 2.
111000000
What is -321 (base 4) in base 16?
-39
Convert 273 (base 8) to base 3.
20221
791 (base 10) to base 4
30113
Convert 3791 (base 10) to base 13.
1958
Convert -17e (base 16) to base 14.
-1d4
Convert -11313023 (base 4) to base 8.
-56713
What is 1000101101011111 (base 2) in base 5?
2120204
112121011 (base 3) to base 6
121134
What is -316b7 (base 12) in base 3?
-10022002011
Convert 6668 (base 11) to base 3.
110001102
55 (base 13) to base 7
130
Convert -38755 (base 10) to base 2.
-1001011101100011
What is 2122122 (base 3) in base 2?
11110001110
What is -12505 (base 6) in base 12?
-1135
Convert -6701 (base 8) to base 9.
-4742
What is 13488 (base 11) in base 15?
5a5e
What is 51e6 (base 16) in base 15?
632b
510 (base 6) to base 4
2322
1000000011011 (base 2) to base 9
5581
-f5f (base 16) to base 3
-12101202
cd (base 15) to base 3
21011
-101212110 (base 4) to base 14
-1c3ac
What is -16169 (base 15) in base 6?
-1305343
What is -1021011 (base 3) in base 12?
-64a
-3005 (base 7) to base 5
-13114
-2357 (base 10) to base 7
-6605
What is 454 (base 11) in base 13?
32a
What is 42312 (base 6) in base 13?
27bc
What is -243 (base 10) in base 8?
-363
-719 (base 10) to base 5
-10334
What is 1110100011000 (base 2) in base 9?
11185
-12111 (base 3) to base 8
-224
140450 (base 6) to base 7
53202
What is -36554 (base 7) in base 13?
-4463
What is -aeb (base 15) in base 12?
-151b
Convert -1d4 (base 14) to base 5.
-3012
Convert -1101100100100 (base 2) to base 14.
-2764
Convert -47512 (base 8) to base 12.
-b8b6
Convert -1872 (base 10) to base 8.
-3520
-3121044 (base 5) to base 3
-2121111200
What is 10021210 (base 3) in base 5?
34042
What is 1224044 (base 5) in base 9?
35386
Convert 220012022 (base 3) to base 7.
102266
What is 1486 (base 13) in base 14?
1131
Convert -5135 (base 9) to base 8.
-7256
26602 (base 10) to base 5
1322402
-5854 (base 15) to base 4
-10211002
-3515 (base 6) to base 2
-1101000111
45316 (base 8) to base 11
1342a
-9554 (base 13) to base 5
-1130222
Convert -606 (base 7) to base 2.
-100101100
What is a4a (base 13) in base 7?
5052
What is -311321 (base 5) in base 2?
-10011111100011
What is 17764 (base 8) in base 2?
1111111110100
363 (base 15) to base 7
2145
-55236 (base 7) to base 14
-508d
What is -12433 (base 8) in base 11?
-4072
-d94 (base 14) to base 3
-10200012
What is 4133 (base 8) in base 4?
201123
Convert -11100 (base 2) to base 7.
-40
What is -212211 (base 3) in base 4?
-22003
Convert 1000120222 (base 3) to base 2.
100111010010010
58794 (base 10) to base 15
12649
-33211 (base 4) to base 13
-5b9
30200331 (base 4) to base 8
144075
10778 (base 11) to base 7
63255
Convert 110010110 (base 2) to base 5.
3111
What is -78c (base 15) in base 10?
-1707
What is 647 (base 15) in base 13?
850
6ca (base 13) to base 5
14210
203100 (base 4) to base 5
33011
-20417 (base 8) to base 13
-3b10
7479 (base 12) to base 16
31dd
Convert -2879 (base 10) to base 2.
-101100111111
-1184 (base 10) to base 9
-1555
What is -92 (base 11) in base 13?
-7a
Convert -4390 (base 14) to base 3.
-121000222
Convert 1873b (base 12) to base 8.
105437
What is 74 (base 12) in base 4?
1120
-323233 (base 5) to base 4
-2230330
Convert 22042 (base 6) to base 12.
1922
Convert -47a (base 12) to base 11.
-55a
What is 23111 (base 4) in base 11?
5aa
-1101011111001 (base 2) to base 13
-31b2
What is 201200 (base 3) in base 14?
29d
Convert 27a (base 11) to base 12.
235
Convert 1137 (base 15) to base 8.
7104
What is -8822 (base 10) in base 2?
-10001001110110
What is -2ba0 (base 15) in base 8?
-22237
Convert 1001011010 (base 2) to base 7.
1520
Convert 144647 (base 8) to base 13.
1a660
What is -554 (base 9) in base 15?
-204
Convert 100100010001100 (base 2) to base 13.
85b8
Convert -441021 (base 5) to base 14.
-5732
20111012 (base 3) to base 5
122410
Convert 1624 (base 10) to base 4.
121120
What is 201012021 (base 3) in base 4?
3122221
1376 (base 12) to base 16
8ca
What is -1131 (base 5) in base 12?
-11a
-53240 (base 6) to base 4
-1300320
What is 1122 (base 14) in base 16?
b9a
Convert 11ad (base 14) to base 2.
110000010101
What is -1931 (base 11) in base 14?
-c74
What is -4ba (base 13) in base 4?
-30331
What is 122 (base 6) in base 14?
38
-234440 (base 5) to base 12
-5089
1c68 (base 15) to base 6
44325
Convert -821 (base 11) to base 16.
-3df
What is -30521 (base 6) in base 4?
-333301
Convert -230440 (base 5) to base 7.
-33016
11121 (base 4) to base 12
249
What is 334012 (base 6) in base 9?
42468
What is -2708 (base 10) in base 13?
-1304
What is -1330 (base 9) in base 7?
-2625
418 (base 10) to base 8
642
-d2b (base 16) to base 6
-23335
Convert 358c (base 16) to base 11.
a332
-7571 (base 8) to base 13
-1a59
Convert -125204 (base 6) to base 5.
-332044
What is -2360 (base 7) in base 11?
-726
What is -108a (base 13) in base 2?
-100100000111
-220002210 (base 3) to base 10
-17571
Convert -3454 (base 7) to base 3.
-1201211
What is -10001101110 (base 2) in base 13?
-693
What is -740 (base 8) in base 12?
-340
16231 (base 8) to base 5
213241
-4432 (base 12) to base 4
-1311212
1d1b (base 14) to base 16
14c5
Convert -4230 (base 5) to base 8.
-1065
-1111000 (base 3) to base 13
-651
What is 14a18 (base 11) in base 13?
9854
-243142 (base 5) to base 2
-10001111010100
-7b (base 16) to base 15
-83
Convert -1001101000 (base 2) to base 11.
-510
What is -6721 (base 12) in base 11?
-8625
What is 3c3 (base 14) in base 13?
465
Convert -739 (base 11) to base 12.
-621
What is -34570 (base 8) in base 14?
-550c
-2203 (base 10) to base 6
-14111
-416 (base 10) to base 7
-1133
What is -3054 (base 7) in base 5?
-13233
Convert 1d8 (base 16) to base 14.
25a
Convert 6296 (base 11) to base 15.
2708
4436 (base 7) to base 2
11000111011
Convert 412042 (base 5) to base 11.
a07a
Convert -21536 (base 7) to base 16.
-1529
Convert 70317 (base 9) to base 16.
b46a
What is 282a (base 12) in base 7?
16351
Convert -10111011 (base 2) to base 9.
-227
Convert -20 (base 7) to base 8.
-16
-4a63 (base 11) to base 3
-100001120
-1101001010100001 (base 2) to base 16
-d2a1
What is 22102 (base 4) in base 14?
350
Convert 767 (base 8) to base 15.
238
-54041 (base 6) to base 9
-11087
What is 12040 (base 9) in base 8?
17567
3776 (base 8) to base 13
c15
Convert 2334 (base 7) to base 9.
1153
2000110 (base 3) to base 14
770
Convert 10102220 (base 3) to base 5.
40013
Convert -2314 (base 8) to base 15.
-56d
Convert 7848 (base 11) to base 7.
42065
What is -440413 (base 6) in base 5?
-2131231
1001100001000101 (base 2) to base 11
27318
Convert 14c6 (base 15) to base 5.
120321
What is 182d (base 14) in base 10?
4353
What is -540 (base 8) in base 11?
-2a0
What is -1321 (base 7) in base 11?
-41a
What is -674 (base 16) in base 6?
-11352
10255 (base 6) to base 13
83c
What is -643 (base 9) in base 5?
-4100
What is -2b1 (base 14) in base 7?
-1411
Convert -428 (base 12) to base 4.
-21200
-485 (base 10) to base 8
-745
What is 111111110 (base 2) in base 16?
1fe
35342 (base 6) to base 9
6888
35865 (base 10) to base 11
24a45
Convert -1485 (base 14) to base 12.
-2139
What is -177 (base 9) in base 4?
-2113
What is 338 (base 11) in base 14?
20c
Convert 540 (base 6) to base 4.
3030
Convert 212 (base 4) to base 10.
38
What is -105137 (base 8) in base 6?
-431555
21132 (base 9) to base 3
201011002
What is 7bc (base 16) in base 6?
13100
Convert 4efc (base 16) to base 11.
14212
What is 20120 (base 3) in base 5?
1202
Convert e94 (base 16) to base 3.
12010020
-5344 (bas